 is the remainder when x(-2) is divided by u?
28
Suppose -f = 1, 12*k - 8*k - 2*f - 490 = 0. Suppose 48 = -m + k. Calculate the remainder when m is divided by -3*(64/(-6) + 2).
22
Let d(c) = 14*c**2 + 3*c - 13. Calculate the remainder when 502 is divided by d(3).
14
Suppose 6*z - 4*z - 70 = 0. Let w = 5 + z. What is the remainder when w is divided by (-427)/(-28) - (-1)/(-4)?
10
Let c = -15769 + 15870. Calculate the remainder when 102 is divided by c.
1
Suppose 84*m = 2352 + 12936. What is the remainder when 1637 is divided by m?
181
Let i = -920 - -670. Let k = 270 + i. Calculate the remainder when 126 is divided by k.
6
Let n = 3 + -4. Let l = 9 - n. Let p(t) = 3*t**3 - 15*t**2 - 98*t + 497. What is the remainder when l is divided by p(5)?
3
Suppose -6410*h + 8694 = -6221*h. Calculate the remainder when h is divided by 6/(-15) + (-124)/(-10).
10
Let n(g) = 2*g**2 - 4*g. Let r be n(3). Suppose -3*u = -r*u + 51. Suppose -64*s + 19*s + 180 = 0. What is the remainder when u is divided by s?
1
Let m(s) = -3*s**2 - 19*s + 61. Let y be m(5). Let p = y + 118. Calculate the remainder when -1 + 30/2 + -2 is divided by p.
3
Suppose 0 = -8*b + 31 + 97. Suppose -3*z = -3*y - 33, -z - 5*y + 1 - 8 = 0. Calculate the remainder when b is divided by z.
0
Let j(k) = -k**3 - 16*k**2 + 18*k + 32. Let r be j(-17). Suppose -4*p + r*p = -110. Calculate the remainder when (1 + 28)/(p/30)*-1 is divided by 10.
7
Let l(s) = 3*s**2 + 64*s + 9. What is the remainder when l(-28) is divided by 28?
9
Let x(j) = -j**2 - 24*j + 34. Let p = 30 - 31. Calculate the remainder when (-18)/63 + (p - (-284)/14) is divided by x(-25).
1
Suppose n + 2*h - 260 - 18 = 0, 5*h - 260 = -n. Calculate the remainder when n is divided by 23.
14
Let g(x) = 6*x**2 - 41*x - 15. Let v(y) = -6*y - 82. Let p be v(-15). Calculate the remainder when 218 is divided by g(p).
13
Suppose -8919 = 21*c - 9276. Calculate the remainder when 407 is divided by c.
16
Suppose -b - 491 = 5*o, -4*o = 2*b + 190 + 204. Let q = o - -114. Let n(a) = -a**2 + 15*a + 22. What is the remainder when 51 is divided by n(q)?
3
Let v = -15457 - -16323. Calculate the remainder when v is divided by 119.
33
Let i be 988 - -35 - 14/(-2). Suppose -22*c + 32*c - i = 0. Calculate the remainder when c is divided by 35.
33
Let f(d) = d**3 - 10*d**2 - 18*d + 41. Let g be (13/39)/(3 - 107/36). Calculate the remainder when f(g) is divided by 5.
3
Let v = -59 + 136. Suppose 108 = 5*a - v. Let x = 34 + -24. What is the remainder when a is divided by x?
7
Suppose 528 = -7*o + 12*o - 927. What is the remainder when 1457 is divided by o?
2
Let d = 135 - 190. Let h = d - -172. What is the remainder when h is divided by 17?
15
Suppose 2*s = -w + 11, -s - 34 = -4*w + s. Suppose p - 3*l - 122 = 0, -627 = -14*p + w*p - 2*l. Calculate the remainder when p is divided by 64.
61
Suppose 0*a + 4*a - 1413 = 859. What is the remainder when a is divided by 90?
28
Suppose 0 = 172*n + 14410 - 56722. What is the remainder when n is divided by 91?
64
Let m = 283 + -281. Let f(x) = 15*x + 2. What is the remainder when f(m) is divided by 5?
2
Let k = 82752 - 82744. Let f = -7 + 52. Let j = f - 15. Calculate the remainder when j is divided by k.
6
Calculate the remainder when -7 - -526*4/(-16)*-4 is divided by 40.
39
Calculate the remainder when 103 is divided by (20/(-15))/(132/(-6633)).
36
Suppose 16*o - 3*s = 15*o + 72, 0 = 13*s - 39. Suppose -5*b + b = -948. What is the remainder when b is divided by o?
75
What is the remainder when 80 is divided by 72/(-63) + 1060/70 - -47?
19
Suppose -744 = -2*g - 2*d, -3*g - 2*d - 160 + 1275 = 0. What is the remainder when g is divided by 116?
23
Suppose 2*c + 4*l - 22 = 0, -3*c + l + 19 + 7 = 0. Let v be 10/10 + (25 - (-4)/2). Let a = v - 2. Calculate the remainder when a is divided by c.
8
Let q = -1357 - -1581. What is the remainder when q is divided by 49?
28
Suppose 58*z - 90 - 84 = 0. Suppose -z*u = -4*q - 67 + 203, 2*u = 8*q - 272. Let h = -2 - -16. What is the remainder when q is divided by h?
6
Suppose 0 = f - 7 + 3. Suppose -2176*i + 992*i + 31968 = 0. What is the remainder when i is divided by f?
3
Calculate the remainder when 1082 is divided by 22/(-660)*-70*(-3*5)/(-1).
32
Suppose -3*w + 71 = 14. Let q(d) = w*d + 22 + 19*d - 35*d. What is the remainder when 6 is divided by q(-6)?
2
Let v(l) = 2*l + 16. Let z(n) = 7*n**3 - 2*n**3 - 2*n**3 + n**2 + 4 - 2*n**3 - 8*n. What is the remainder when v(6) is divided by z(3)?
12
Let w(r) = 31*r**3 - r**2 - 21*r + 49. What is the remainder when w(4) is divided by 11?
8
Suppose -j = -6*j + 270. Suppose 0 = -5*y - 2*t + 78, -2*y - 3*y + 4*t = -j. What is the remainder when y is divided by 4?
2
Suppose -19576 + 5996 = -14*s. Let y = -930 + s. What is the remainder when 113 is divided by y?
33
Let p be 34 - -2 - (-1 + 0). Let k = p - 25. Suppose 16*m = 6*m + 220. What is the remainder when m is divided by k?
10
Let d be (4/6)/((-3)/(-1026)). Suppose o = -4*a + 139, -2*o + 0*a + d = -2*a. What is the remainder when o is divided by 32 - (11 - (-11)/11)?
19
Let v = -614 + 1052. Calculate the remainder when 907 is divided by v.
31
Suppose -106*l + 10276 = 48*l + 574. Let a = -625 + 880. What is the remainder when a is divided by l?
3
Let l(r) = r**3 + 45*r**2 + 43*r - 7. Calculate the remainder when 873 is divided by l(-44).
22
Let u be (-25)/10 + 5 + 100/8. Suppose 147 + 393 = u*h. Calculate the remainder when 106 is divided by h.
34
Suppose -523 = -12*q + 341. Calculate the remainder when 50 is divided by 266/10 + q/(-120) + 1.
23
Let r be -3*(195 - -10)*1/(-3). Let x = -162 + r. What is the remainder when 80 is divided by x?
37
Let p = 37 - 34. Suppose -3*f + 43 = -i, p = f - 2*i - 3. Calculate the remainder when f is divided by 16.
0
Suppose 2*s = 3*f + 7*s - 447, 0 = 2*f - s - 337. Calculate the remainder when 337 is divided by f.
9
Let z be ((-112)/(-42))/(4/3). Suppose -2*i + 4*p + 54 = 0, 0 = z*p + p. Let h = -17 - -32. What is the remainder when i is divided by h?
12
Let g = 3390 - 3143. What is the remainder when 267 is divided by g?
20
Suppose 182 = 2*t + 5*i, 0 = -5*t + 3*t - i + 166. Suppose 6*g = -3*g + t. Calculate the remainder when 33 is divided by g.
6
Let n(b) = b**3 + 6*b**2 - 1. Suppose -4*l = d + 5, 2*d - 3*d - 5 = 2*l. Let v(g) = -9*g + 17. Calculate the remainder when n(-4) is divided by v(l).
14
Let r(s) = -51*s + 13. Let y be r(-5). Suppose 3*d - 86 = 3*l + 91, y = 4*d + 4*l. What is the remainder when 178 is divided by d?
52
Let c(t) = -t**2 + 9*t - 8. Let g be (-4 + 14/6)*-3. Suppose -4*d = g*v - 3*v - 2, 0 = -4*d - 5*v - 13. What is the remainder when c(6) is divided by d?
1
Let a(y) = 12*y**3 - 2*y**2 - 2*y + 1. Let w(c) = -11*c**2 + 55*c - 66. Let f be w(14). What is the remainder when a(2) is divided by f/165*15/(-6)?
19
Let q = 3799 + -3687. What is the remainder when 462 is divided by q?
14
Let o(f) = 186*f + 18545. Calculate the remainder when o(-73) is divided by 1234.
31
Let t = -18658 + 18669. Calculate the remainder when 7664 is divided by t.
8
Suppose 1513 + 28 = 4*l - 1063. What is the remainder when l is divided by 41?
36
Let u(r) be the second derivative of r**3 + 24*r**2 + 2*r - 16. Let k(b) = 8*b - 1. What is the remainder when u(-4) is divided by k(1)?
3
Suppose 4*n + 2*m = 462, -2*n + 4*m = -151 - 55. Suppose 4*w + 0*w - f - 83 = 0, n = 4*w + 5*f. Calculate the remainder when 101 is divided by w.
13
Let h(x) = x**3 + 28*x**2 + 52*x + 65. Calculate the remainder when (-2337)/(-6) - (-1)/(-8)*4 is divided by h(-26).
64
Let y(s) = s**2 - 21*s + 26. Let d be y(20). Let q(l) = 4 - l**2 + 6*l - d*l - 13*l. Calculate the remainder when q(-9) is divided by 7.
5
Suppose -6*u + 55 + 11 = 0. Suppose 5*t = 4*j - 300, u*j + 2*t - 408 = 6*j. What is the remainder when 157 is divided by j?
77
Let y be (15/5 - 5) + (-1 - 250). Let q = 390 + y. Let g = q - 63. Calculate the remainder when g is divided by 19.
17
What is the remainder when 1161 is divided by 20*(-60)/(-200) + (53 - 0)?
40
Suppose 0 = p - 4*s - 15 + 48, -s = -p - 18. What is the remainder when ((-1224)/(-20))/3 - (-2)/(-5) is divided by -3 - p/1 - -2?
8
Suppose 10*m + 185 = 275. Suppose -m*i + 3546 = 9*i. Calculate the remainder when i is divided by 40.
37
Let a(j) = -j**2 - 10*j - 16